.
20
Let b be (-342)/21 - ((-38)/(-14) - 3). Let u be ((-4)/b*-3)/(8/32). Let j(n) = -5*n - 9. Give j(u).
6
Let u be 1/3 + 5/3. Suppose 0 = -489*v + 479*v + 20. Let k(p) = 19130 + p**2 - 19129 + 0*p**2 - 2*p**2 + v*p. What is k(u)?
1
Let r = -7 - -7. Suppose -4 = -4*j - r. Let i(p) = 121*p**3 - 283*p**3 + p + 156*p**3. Give i(j).
-5
Let i(z) = z**2 + 71*z - 227. Let m be i(3). Suppose 0 = -5*v - 3*s + 8, v + 4*v + s = 6. Let o(k) = 2*k + 5 - k + v. Calculate o(m).
1
Let a(b) = 22*b - 53*b + 6*b + 8 + 2*b**2 + 13*b - 24. Give a(8).
16
Let o(v) be the second derivative of 1 - 1/4*v**4 - 3*v**2 + 2/3*v**3 - 51*v. What is o(4)?
-38
Let y(o) = 70*o - 50*o + 6 - 52*o + 30*o. Calculate y(6).
-6
Suppose -8 = -2*z - 2*z, 5*m + 5*z = 5. Let i(w) = 1 + 0*w - 4*w + 3*w + 426*w**2 - 438*w**2 + 3*w. What is i(m)?
-13
Let u(f) = -f**2 - f - 1. Let j be (63/(-28))/((-4)/16). Suppose 0 = -3*q - j*q - 1416. Let t = q + 116. Determine u(t).
-3
Let c = -87 - -94. Let p(j) = -3 + 5*j + 2 + c - 4. Calculate p(2).
12
Let p(z) = -39*z. Let y(h) = -114*h + 26. Let u(r) = -3*p(r) + y(r). Give u(-9).
-1
Let i(j) be the second derivative of j**6/360 + j**5/20 - j**4/6 - 127*j**3/6 - 197*j. Let g(d) be the second derivative of i(d). Give g(-6).
-4
Let d(w) = -w + 5*w - 3*w - 11*w**2 - 548 + 547. Suppose -4*m - 2*m + 24 = 0. Suppose -1 = -m*z + 3. What is d(z)?
-11
Suppose j = -5*h, h + 11 = -3*j + 5*j. Let t(y) = 2*y - j - 2*y + y + 3. Determine t(7).
5
Let l(o) = -o**2 - o + 2. Suppose -d - 3*n + 69 = 0, 6*n - 2*n = 2*d - 128. Suppose 65*g = d*g + 4. Determine l(g).
-10
Let a(z) = 5*z**2 + 13*z + 16. Suppose 39*f = 38*f - 3. Let j(w) = 3*w**2 + 11*w + 16. Let u(l) = f*j(l) + 2*a(l). Calculate u(11).
28
Suppose 7*d - 292 = -82. Let k be (d/(-105))/((-4)/14). Let f(i) = -i + i**3 - 4 - k - 8*i - i + 9*i**2. Determine f(-10).
-5
Let q = -101 - -96. Let r = 27 - 21. Let z(b) = -r*b + 4*b + 0*b + 3 + 4. What is z(q)?
17
Let n(q) = -5*q**2 + 6*q**2 - 236 + 455 + 3*q - 231. Calculate n(-8).
28
Let j(f) = 5*f**2 + f - 40. Let d(q) = 716*q + 2864. Let c be d(-4). What is j(c)?
-40
Let z(h) = -h**2 + h + 17. Let y(i) = -2*i - 15. Let q(w) = -6*y(w) - 5*z(w). Let p(a) = 8*a**2 + 14*a + 11. Let r(j) = 3*p(j) - 5*q(j). Calculate r(6).
14
Let n(r) be the third derivative of -r**5/20 + 7*r**4/12 - 2*r**3 + 33*r**2 + 7. Calculate n(5).
-17
Let k(i) = 4*i - 12. Suppose 0 = -1011*p + 1002*p - 54. Give k(p).
-36
Let n(s) = s**3 - s**2 - 2*s - 8. Let d(z) = -z**2 + z + 1. Let c(g) = 6*d(g) + n(g). Let j be 103/(-309) + (-4)/((-12)/19). Calculate c(j).
-14
Let q(w) = 5*w**3 - w**2 - 25*w - 23. Let r be (-25 - 0) + 2832/118. Determine q(r).
-4
Suppose 149*s - 3*j = 147*s - 38, 0 = 4*s + j + 62. Let b(y) = -y**2 - 16*y + 5. What is b(s)?
5
Let h(t) = 7*t**2. Let u(a) = -3*a**2 - 59*a + 153. Let o be u(-22). Give h(o).
7
Let l(y) be the third derivative of y**4/8 + 31*y**3/3 + y**2 + 260*y. What is l(-12)?
26
Let y(i) be the first derivative of i**3/3 + 7*i**2/2 - 2*i - 29. Determine y(-4).
-14
Let r(g) = -3*g - 3. Let a = -214 - -228. Let x(p) = -p**2 + 19*p - 64. Let z be x(a). Calculate r(z).
-21
Let v(i) be the first derivative of 9*i - 1 - 6*i**2 - 1/4*i**4 + 4*i**3. Calculate v(11).
-2
Suppose 106*z + 47*z - 620 = -2*z. Let b(x) be the first derivative of x**2 + 1/4*x**z - 37 + x**3 - x. Give b(-3).
-7
Let q = -332 - -369. Let v(l) = -11 - 35*l - 39*l - 37*l + 149*l - q*l. Give v(11).
0
Let d(f) = 5 + 2*f - 5. Let r(i) be the second derivative of -i**4/12 + 2*i**3/3 - 7*i**2/2 + 60*i. Let m be r(3). Determine d(m).
-8
Let r be (4/(-14))/((-160)/560)*-18. Let y(t) = -3*t - 49. Determine y(r).
5
Let y(z) be the second derivative of -5*z**3 + 43*z**2 - 6147*z. Give y(3).
-4
Let q(d) = -d**3 + 9*d**2 - 8*d - 2. Let u be 7 - (3/(-30) + (-105)/(-50)). Suppose -2*l + 3*l - 41 = -u*v, -3*v = l - 25. Give q(v).
-2
Let o(d) = -8*d - 1. Suppose 2 = 2*n - 4, -63 = -3*p - 3*n. Suppose 11*v - p = 5*v. Give o(v).
-25
Let d(o) = -2*o**2 - 49*o - 266. Let a be d(-7). Let y(s) = 6*s + 116. Give y(a).
-10
Suppose 3*t - 3 = -4*m, 0 = -t - 3*m - 34 + 40. Let n(l) = -l**2 + 8*l + 28. Calculate n(t).
-5
Let n be (-28)/(0 + 2)*(-24 + (3 - -22)). Let d(u) = -2*u**2 - 26*u + 18. Give d(n).
-10
Let t(f) be the first derivative of -f**3/3 + 12*f**2 + 2*f - 6022. What is t(21)?
65
Let h(m) = -10*m**2 + 37*m - 28. Let j(c) = 3*c**2 - 12*c + 9. Let n(f) = 2*h(f) + 7*j(f). Let u(s) = -99*s - 3556. Let d be u(-36). Calculate n(d).
-9
Let h(v) = -1751*v + 901. Let c(k) = 69*k - 36. Let w(f) = 51*c(f) + 2*h(f). What is w(4)?
34
Suppose -4*p + 11 = -f, 621*f + 7 = 618*f - p. Let z(x) = -x**2 + 3*x + 10. What is z(f)?
-8
Suppose 72*a - 248 = 70*a. Let f = a + -118. Let n(l) = -l**3 + 6*l**2 + 2. What is n(f)?
2
Let j be (2 + 10)*(-21)/28. Suppose 0 = 2*h - 89 + 85. Let l(c) = -5*c**2 + 2 - 8*c - c**3 + 1 + 0 - 5*c**h. What is l(j)?
-6
Let o(x) = 7*x - 52. Suppose -224 = -28*b + 56. Calculate o(b).
18
Let r(b) be the second derivative of 16*b**3/3 + 25*b**2/2 - 2062*b. What is r(-1)?
-7
Let v(m) = 15*m**2 - 16*m + 56. Let d(q) = 17*q**2 - 18*q + 62. Let w(b) = -5*d(b) + 6*v(b). Give w(3).
53
Let b(i) = 2*i**2 - 27 - 2*i - 9 + 7 - 21. Determine b(-6).
34
Suppose -3*q + 39 = -4*c, -5*c - 14 - 28 = -3*q. Let g(h) = -h**2 + 3. Let x be g(0). Let k(l) = -6 - 7 - x + l + 13. Give k(q).
6
Let p(m) = -2*m + 2. Let h(b) = -1. Let w(q) = 3*h(q) + p(q). Suppose 3*j - 9690 = 33*j. Let l = 318 + j. Calculate w(l).
9
Let q(g) be the third derivative of -g**5/60 - 13*g**4/6 + 75*g**3/2 + 12*g**2 + 210*g. Calculate q(4).
1
Let a(o) = 5*o + 64. Suppose -19*t = -438*t - 9637. Determine a(t).
-51
Let a(t) = -2*t - 4. Let v = -37 - -34. Let h(k) = 2. Let p(y) = v*a(y) - 6*h(y). Give p(-1).
-6
Let n(p) = 9*p - 45. Let m(q) = 10. Let y(s) = 4*m(s) + n(s). What is y(2)?
13
Let v be ((-8)/6 - 2)/((-2)/3). Suppose 24 = -8*d + v*d. Let p(c) = c**3 + 9*c**2 + 9*c + 11. Give p(d).
3
Let w(j) be the third derivative of 166*j**2 + 0 + 0*j - 1/6*j**4 + 1/3*j**3. Give w(2).
-6
Let o = -335 - -337. Suppose 14*t + 16 = -o*t. Let s(k) = 5*k - 7. Let q(h) = h**2 + 11*h - 15. Let n(m) = -6*q(m) + 13*s(m). What is n(t)?
-6
Suppose 4*y + 2*m - 11 = 1, 0 = -y - 4*m - 4. Let d(k) = -76 + 25 + k**2 - y*k + 23 + 20. Calculate d(6).
4
Let s be (-8)/(-14) + 336/98. Suppose s*m + 39 = 63. Let i(j) = 5*j**3 + 12*j**2 - 2*j - 2. Let y(d) = -d**3 - d**2 + 1. Let w(a) = i(a) + 6*y(a). What is w(m)?
-8
Suppose 233*j + 35 = 1409*j + 7091. Let m(c) = -2*c + 8 + 7 + 5*c**2 - 4 + c**3. Calculate m(j).
-13
Let h be (45/(-36))/(3/(-12)). Let j(q) = q**3 - 4*q**2 - 6*q + 3. Let r(g) = 2*g**3 - 8*g**2 - 12*g + 7. Let u(p) = -7*j(p) + 4*r(p). Determine u(h).
2
Let f(u) = 4*u + 2. Suppose -5*s - 5*m = -0*m, s - 5*m - 6 = 0. Let z be 5 - 4 - (-1 + s + -1). Suppose -4*p = -2*k + 6*k + 20, -z*k = p + 7. Determine f(p).
-10
Let l(o) be the second derivative of -o**4/12 - 31*o**3/6 - 16*o**2 - 7777*o. Give l(-29).
26
Suppose 3 = -3*l + 4*s, -565 = -3*l - s - 598. Let i(u) = 2*u - 14. Determine i(l).
-32
Let v(d) = 9*d + 40. Let b(c) = -32*c**2 - 64*c - 4. Let g be b(-2). Give v(g).
4
Let h(i) = 136 - 76 - i**2 + 3*i + 4*i - 73. Determine h(2).
-3
Let c(g) = -13*g - 2. Let h(y) = -35*y - 173. Let b be h(-5). Suppose 12 - b = 10*s. Give c(s).
-15
Let h(b) = -b**3 + 22*b**2 - b - 19. Suppose -22*x + 88 = 0, 2*q - 11*x + 10*x - 40 = 0. Determine h(q).
-41
Let i(z) be the second derivative of -z**5/20 + z**4/3 + 35*z**3/6 - 9*z**2 + 2177*z. Calculate i(8).
6
Let o(j) be the third derivative of 0 - 4*j**2 + 1/12*j**4 - j + 7/2*j**3. Determine o(-7).
7
Suppose 2*m = -2*g + 24, -16 = -g - 2*g + 2*m. Suppose 0 = -g*b + 132 - 84. Let o(r) = 2*r + 1. Give o(b).
13
Let b(x) = 26*x**3 + 48*x**2 - 87*x - 49. Let v(c) = 19*c**3 + 36*c**2 - 65*c - 37. Let r(f) = -8*b(f) + 11*v(f). Determine r(-13).
63
Let u(n) = n**2 + 2*n + 7. Suppose 7*f = 54 - 26. What is u(f)?
31
Let f(p) = 4*p**2 - 2*p + 3. Let v be -1 + 36/27 + (-38)/6. Let u(t) = 2*t + 14. Let k be u(v). Calculate f(k).
15
Let k(d) = d**2 - 5*d + 3 - 2*d + 1 + 5 + 16*d. Calculate k(-6).
-9
Suppose -m + 16 = 3*m. Suppose -m*p = p - 10. Let y(w) = 6 + 0 - 5*w + 1 - w + w**p. Give y(6).
7
Let c(o) = 55 - 3*o**2 - 55 + 0*o**2 + 2*o**3. Let l be (6 